 + 351, 0 = w + 4*t - t - o. What is the units digit of w?
9
Let j = -674 + 1667. What is the hundreds digit of j?
9
Suppose -12*u + 3264 = -4*u. What is the hundreds digit of u?
4
Suppose 2*x + x = 2*m - 791, -789 = -2*m + x. Suppose 2 = q + 4, 4*b - m = -3*q. What is the hundreds digit of b?
1
Suppose -1864 - 841 = -5*q. What is the tens digit of q?
4
Suppose 3*u - 2*j - 360 = 0, -4*u + 236 = 5*j - 244. Let w be (-63)/6*4*3/(-18). Suppose -2*o = -w*o + u. What is the tens digit of o?
2
Let g(r) = 9*r**2 - 4*r + 4. What is the tens digit of g(-2)?
4
Let h(b) = -3*b**3 + 2*b**2 - b + 2. Let m be h(3). What is the units digit of m/6*(-2 - (-15)/(-6))?
8
Let k(j) = j**3 + 7*j**2 + 7*j + 8. Let t be k(-6). Suppose d + 2*f - 504 = -4*d, -t*f = -3*d + 312. What is the units digit of d?
2
Let a be 1 + (-18)/14 + (-87420)/329. Let d = -108 - a. What is the units digit of d?
8
Let m(l) = -l - 3. Let a be m(-5). Suppose w + 5 = -5*j, 9*j - 4*w - 20 = 5*j. Suppose j = -0*y - a*y + 14. What is the units digit of y?
7
Suppose 519 = 2*r - 3*u - 2*u, 5*r + u - 1365 = 0. What is the tens digit of r?
7
Let g be (-13 + -2)*-26*(-2)/12. Let f = g - -104. What is the tens digit of f?
3
Let f = -386 - -1191. Suppose -f = -5*y + y - j, 2*y - 3*j = 399. What is the tens digit of y?
0
Let d(w) = -3*w**2 + 6*w + 25. Let j(b) = -2*b**2 + 4*b + 17. Let c(n) = -5*d(n) + 7*j(n). Let m be c(-4). Suppose m = i + i. What is the units digit of i?
9
Let d(n) = -n**2 - 59*n + 194. What is the hundreds digit of d(-51)?
6
Let w(x) = -x**3 + 7*x**2 - 4*x - 7. Let b be w(6). Let j be (-10)/4*(-8)/b. Let c = 17 - j. What is the units digit of c?
3
Suppose 4*l = -2*s + 1662, -4*s + 3342 = -5*l + 7*l. Suppose 0 = 5*z - 4*n - s, -z - n = n - 173. What is the units digit of z?
9
Let k(n) = -n**2 + 17*n - 17. Let c(j) = j**3 + j**2 + j + 14. Let d be c(0). Let g be k(d). Suppose -g - 65 = -5*v. What is the units digit of v?
8
Let w(g) = -g**3 - 14*g**2 + 16*g + 8. Let q be w(-15). Let r(j) be the second derivative of j**4/12 - j**3/2 - 11*j**2/2 + 2*j. What is the tens digit of r(q)?
5
Let w(k) be the first derivative of -4 - 1/2*k**2 + 7*k + 1/3*k**3. What is the tens digit of w(6)?
3
Suppose -5*z - 5 = 4*m + 7, 3*z = -3*m - 9. Let k be z + 3 + (-144)/8. What is the tens digit of 1*6*(-50)/k?
2
What is the tens digit of ((-81107)/(-85) - -11)/((-4)/(-10))?
1
What is the tens digit of 319 - ((-4)/18 + 32/(-18))?
2
Let u(b) = b**3 - 6*b**2 + 9*b + 2. Let l be u(4). What is the hundreds digit of 711/l - (-18)/12?
1
Suppose -9*m = -572 - 13441. What is the tens digit of m?
5
Let r = -1970 + 2759. What is the tens digit of r?
8
Let p = 134 - -290. Let z = p - 266. What is the tens digit of z?
5
What is the hundreds digit of (35220/(-432) + (-2)/9)*-8?
6
Suppose -4*d + 17 = -3. Suppose 6*b - d*b - 49 = 0. Let k = -27 + b. What is the tens digit of k?
2
Let z = -309 - -638. What is the hundreds digit of z?
3
Let s = -5 + 29. Let u be 163/4 - (-6)/s. Suppose 0*q - q = -5*j + 49, 4*j + q = u. What is the tens digit of j?
1
Suppose -7*l + 6*l = -5. Suppose -5*v + 115 = 5*c, l*c + 0*c - 147 = 3*v. What is the tens digit of c?
2
Suppose -5*x - 4 + 18 = -4*o, 5*x - 26 = o. What is the units digit of (-9)/x - (-103)/2?
0
Let u(y) = y**3 + 4*y**2 + y - 1. Let p be u(-3). Let f(x) = 9*x - 4*x - 2 - x + p*x**2. What is the units digit of f(3)?
5
Let a be 4*(3 + 10/(-4)). Let g be (-10)/4*-3*a. What is the units digit of g/2*154/21?
5
Let p(x) = x**2 - 3*x - 4. Suppose i = 5*i - 20. Let o be 3/(-6)*60/i. What is the tens digit of p(o)?
5
Suppose -18*c + 1039 = -2687. What is the hundreds digit of c?
2
What is the tens digit of 104/12*4*(-1050)/(-56)?
5
Suppose -3*r + 2*r + 4*l + 2226 = 0, -7*r + l + 15501 = 0. What is the hundreds digit of r?
2
Let s be (6/4)/((-12)/(-16)). Suppose 0 = -3*t + 6, 5*m - 181 = s*m + 4*t. Let o = 98 - m. What is the units digit of o?
5
Suppose 5*b = b + 16. Suppose b*j - 102 = 42. What is the units digit of j?
6
Let d(x) = 2*x**2 - 8*x + 9. Let s be d(6). Let f = 40 - s. What is the units digit of f?
7
Let s(x) = x**3 - 4*x**2 - 4*x - 1. Let b be s(5). Suppose q - 5*y = -42, -2*y = b*q - 6*y + 184. Let f = 0 - q. What is the units digit of f?
7
Let y = 700 + -323. What is the units digit of y?
7
Suppose -3*o + 15 = 0, -13*o + 655 = 2*i - 10*o. What is the units digit of i?
0
Let q be 153 + 2 - 12/(-3). Suppose 5*g - q = -4*z, 4*g + 2*z - 125 = z. Suppose -5*n = k - g, 3*n + 23 = -5*k + 90. What is the units digit of k?
1
Let n(p) = -447*p**3 - 3*p**2 - 2*p. What is the units digit of n(-1)?
6
Suppose -6*p = -21 + 9. Suppose -2*i = -5*d - 85, 2*i - 73 = p*d - 3. What is the units digit of i?
0
Suppose 395 = 4*i - c, -4*i + 564 - 163 = 5*c. What is the units digit of i?
9
Let l = 291 + -109. What is the tens digit of l?
8
Suppose 4*t = 7 + 9. Suppose -4*m = -2*p - 8*m - 14, -t*m - 1 = p. Let c = p - -36. What is the units digit of c?
3
Let y be 126/15 + (0 - 10/25). What is the tens digit of ((-28)/7)/((-2)/6)*y?
9
Let g = -207 + 1171. What is the units digit of g?
4
What is the tens digit of (-22)/(-462) + (-117678)/(-126)?
3
Let n = 230 - 82. What is the units digit of -2*(20/8 - 3) + n?
9
Suppose 1 = -s - 0. What is the units digit of ((-2)/s)/((-2)/(-46))?
6
What is the units digit of (-8958)/(-3)*(-23)/(-23)?
6
Let k(g) = 2*g**2 - 6*g - 6. Let r be k(7). Let f = r - -26. What is the tens digit of f?
7
Suppose 0 = -2*d - 4*v - 104, -2*d = 3*v + 18 + 81. Let q = 101 + d. What is the tens digit of q?
5
Let p be 58/14 + 36/42. Suppose -q + 4*u = -326, p*q + 2*u - 1519 - 111 = 0. What is the tens digit of q?
2
Suppose -38*k + 674 = -37*k. What is the tens digit of k?
7
Suppose -104 = -4*n + 3*u, 2*n + 0*u = -5*u + 52. Let s = 31 - n. Suppose -4*r - 4*y + 152 = 0, 0*y + 211 = s*r - 2*y. What is the tens digit of r?
4
Suppose 0 - 2 = -c. Suppose -2*b + 60 = i - 0*i, 0 = -3*i - c*b + 200. What is the tens digit of i?
7
Suppose -5*f - 3 - 4 = -v, -3*v - 3*f = -21. Let n(q) = -q**3 - 8*q**2 - 7*q + 3. Let j be n(-7). Suppose -98 - v = -j*w. What is the units digit of w?
5
Suppose -j + 4*j = -12. Let t(r) = r**3 - 3*r**2 + 6*r + 5. Let g be t(j). Let d = -82 - g. What is the tens digit of d?
4
Let v(a) = 4*a**2 + 10*a - 205. What is the units digit of v(16)?
9
Let a = 14 + -2. Let q be 2/(-8) - (-990)/(-40). Let n = a - q. What is the tens digit of n?
3
Suppose 4*m = 3*m - 2*h + 338, 1625 = 5*m - 3*h. What is the tens digit of m?
2
What is the tens digit of (1 + 3)/((-35484)/2218 - -16)?
1
Suppose 4*w + 4*v + 0*v + 100 = 0, w - v + 29 = 0. What is the tens digit of w/(-9)*(-71)/(-3)?
7
Suppose l - 4*l = -144. Let h be -30*(0 + l/20). What is the tens digit of (h/28)/((-3)/14)?
1
Let j(n) = n**3 + 13*n**2 + 6*n - 9. Let y be j(-7). Let b = y - 166. What is the units digit of b?
7
Suppose 5*i - 8 = -3. Let n(w) = 63*w**2 + 2*w - 1. Let p be n(i). Suppose -3*r + 59 = r - 5*f, -4*r + 4*f + p = 0. What is the units digit of r?
1
Suppose -16*x + 9*x = -1148. What is the units digit of x?
4
Suppose 482 = 8*v - 310. Let w = -57 + v. What is the tens digit of w?
4
Let d = 1618 + -876. What is the units digit of d?
2
Let p(c) be the third derivative of c**6/120 - c**5/12 - c**4/12 + 2*c**3/3 + c**2. Suppose 0 = -6*g - 3 + 39. What is the tens digit of p(g)?
2
Let h(o) = 18*o - 442. What is the tens digit of h(47)?
0
Let n = -3 + 3. Suppose 0 = t - n*t - 52. Suppose 5*c = -13 - 7, -2*s + t = -2*c. What is the units digit of s?
2
Let y(l) = l**2 - 7*l - 32. What is the units digit of y(-14)?
2
Suppose -5*x - 6 = -2*x + s, x - 2*s + 9 = 0. What is the units digit of (0 - 3)*(x + 21/9)?
2
Let m(g) = 4*g - 20. What is the units digit of m(12)?
8
Let n(x) = x**3 + 9*x**2 - 9*x + 14. Let k be n(-10). Let i be 19/2*(k - 6). Let q = i + 25. What is the units digit of q?
6
What is the tens digit of (-15 - -21)/(6/4676)?
7
Let u(c) be the second derivative of c**5/10 - 23*c**4/12 - 3*c**3 - 8*c**2 + 15*c. What is the units digit of u(13)?
7
Suppose -1645*x + 3630 = -1643*x. What is the thousands digit of x?
1
Suppose -6*g = 2049 - 5541. What is the hundreds digit of g?
5
Let d = -24 - -29. Suppose k - d*k = 40. What is the tens digit of (116/6)/(k/(-15))?
2
Suppose k + 18 = -k. Let c(b) = b**3 + 1